 of j - (2/(-1) + -2)?
3, 11
Let n(z) = -3*z + 11. Let j = 26 + 14. Let f be (-1)/(-5) + (-4)/(j/162). What are the prime factors of n(f)?
59
Let s = -18806 + 27708. What are the prime factors of s?
2, 4451
Let b(w) = 43*w + 22*w - 15*w - 4. What are the prime factors of b(4)?
2, 7
Suppose -30 = -4*m - 10. Let l be (-89)/m + 10/(-50). Let q = l - -70. List the prime factors of q.
2, 13
List the prime factors of (948/(-20))/(66/(-24090)).
3, 73, 79
Let g(i) be the first derivative of 0 - 25 - 17*i - 3*i - 20*i**2. List the prime factors of g(-5).
2, 3, 5
Let j be (-60)/(-40) - (-3)/(-2). Suppose j = -2*h + 456 + 498. Suppose 2*b - 4*c - 252 = 0, 4*b + h = 8*b + c. What are the prime factors of b?
2, 3, 5
Let h(d) = 756*d - 6001. List the prime factors of h(93).
107, 601
List the prime factors of (1/5)/((-7950136)/722740 + 11).
36137
Let q = 50189 + -28495. List the prime factors of q.
2, 10847
Suppose -v + 3*g = -0*v + 7, g + 6 = 2*v. Suppose -s - v + 4 = 4*l, -s = l - 2. Suppose 195 = s*k - 147. What are the prime factors of k?
2, 3, 19
Suppose 285*r - 298*r - 14488 + 598773 = 0. What are the prime factors of r?
5, 89, 101
Suppose 5*t = -5*u + 255, -15*t = -11*t - 2*u - 192. List the prime factors of -2*(1658/(-7) - 7/t).
2, 3, 79
Let f = 14648 - 6459. List the prime factors of f.
19, 431
Let f(o) = o**3 + 8*o**2 - 21*o - 10. Let b be f(-10). Suppose b = -x - 2*x + 6633. Suppose 32*s - 21*s - x = 0. List the prime factors of s.
3, 67
Let q be (120/(-75))/(-2 + (-24)/(-15)). Suppose 480 = -3*r + q*r. What are the prime factors of r?
2, 3, 5
Suppose 200*o = 220*o - 105420. List the prime factors of o.
3, 7, 251
Let a(i) = i**3 - 19*i**2 - 21*i + 413. What are the prime factors of a(28)?
7, 983
Let k(g) = 452*g - 7. Let c be k(2). Suppose -4*f = -12, -3*p + f + c = p. Suppose -p + 2 = -2*z + 3*d, 2*z - 220 = 4*d. List the prime factors of z.
2, 29
Let x = 13725 + -5941. What are the prime factors of x?
2, 7, 139
Let t(x) = 64*x - 42. Let y(f) = f**2 - 13*f + 29. Let w be y(5). Let o be t(w). List the prime factors of (-18)/(-27) - o/6.
5
Let y be (24/(-10))/(10/(-5600)). Suppose 5*a - y = 2*d, a + 2*d = -3*d + 285. Suppose 6*j - a = -0*j. What are the prime factors of j?
3, 5
Suppose -4*y + 0*y + 3*k + 23 = 0, -2*y + k + 9 = 0. Suppose 5*x = -5*w + 6*x + 530, 3*x + 225 = y*w. What are the prime factors of w?
3, 5, 7
Suppose 1 = 4*y - 0*z + 5*z, 0 = y - z - 7. Suppose y*w - 3*k = -0 + 10, 5*k = -10. List the prime factors of (-4 + 1 + w)*(-13 - 1).
2, 7
Let r(m) = 321*m - 3764. List the prime factors of r(31).
23, 269
Suppose w + 23 = 3*v - v, 5*v = -4*w + 90. Let f(z) be the third derivative of z**5/30 - 3*z**4/4 - 23*z**3/6 + 2*z**2. List the prime factors of f(v).
3, 13
Let l be (1038/(-24))/(2 + (-9)/4). Suppose -36 = -3*i + 150. Let w = l + i. List the prime factors of w.
5, 47
Let y(u) = u**3 - 4*u**2 - 54*u - 16. Let f(d) = -d**3 + 8*d**2 - 10*d + 33. Let o be f(7). What are the prime factors of y(o)?
2, 61
Let p = -44 + 175. Suppose -349 = -3*g + 4*n, p = g + n + 24. Suppose 431 = 8*u + g. List the prime factors of u.
2, 5
Suppose 4*o + 2*k + 10 = 0, 0 = -5*o + k + 3 - 5. List the prime factors of o*(13 + -6) + 642.
5, 127
Let x = 37 - 45. Let n(b) = 5*b**2 + 3*b - 20. What are the prime factors of n(x)?
2, 3, 23
Let i(s) = -4*s + 9. Let l be i(1). Suppose -5*g = l*o - 25, -4*g - 4*o + 11 = -g. Let p(k) = k**2 - 7*k + 18. What are the prime factors of p(g)?
2, 3
Let t(a) = 59*a + 2. Let h be t(3). Let o = -121 - h. Let s = o - -423. What are the prime factors of s?
3, 41
Suppose 4*l = 5*k - 37369, -3*k + 5*l + 18000 + 4437 = 0. What are the prime factors of k?
7, 11, 97
Let m = 14507 + 1014. List the prime factors of m.
11, 17, 83
Suppose 74*k - 17246 = 10601 + 107351. List the prime factors of k.
3, 7, 29
Suppose 0 = 5*r + q - 251693, -r + 16*q + 50329 = 21*q. List the prime factors of r.
71, 709
Suppose 0 = 3593*m - 3592*m - 10308. What are the prime factors of m?
2, 3, 859
Let u be 5/(-25) - (-4)/(-5). Let p = -22 + u. What are the prime factors of (-1 + 2 - p)*3?
2, 3
Let q = 14275 - -1857. List the prime factors of q.
2, 37, 109
Let o = 46 - 33. Let m = o + -215. Let c = m - -350. What are the prime factors of c?
2, 37
Let o be (2/3)/(3*(-1)/108). Let b = o - -36. Suppose 0 = 2*g + 8, -b*x + 8*x + 3*g = -40. What are the prime factors of x?
7
Let n(y) = y**2 - 11 - 12*y + 10 + 0*y. Let x be n(10). Let l = 10 - x. List the prime factors of l.
31
Suppose -4*s + 8 = h - 7, -s - 12 = -5*h. Suppose -2*v + 928 = s*t, 3*v - 1856 = -v + 3*t. List the prime factors of v.
2, 29
List the prime factors of 155502/27*1 + (-28)/12.
3, 19, 101
Let w = -991 + 812. Let i = 845 + w. What are the prime factors of i?
2, 3, 37
Suppose p + 24*h - 13890 = 28*h, -h = 4*p - 55611. List the prime factors of p.
2, 3, 7, 331
Let p(f) = -f**3 + 3*f + 9. Let t be p(0). Suppose -t*o = 79 - 259. List the prime factors of o.
2, 5
Let k(s) = 32 - 123 + 12*s - 4*s**2 + 5*s**2. What are the prime factors of k(-28)?
3, 7, 17
Let d(g) = 368*g**2 + 151*g**2 - 16*g - 15*g + 30*g - 1. What are the prime factors of d(1)?
11, 47
Suppose 0 = -9*u - 6443 + 33839. Suppose -8*d + 4*r + 3080 = -4*d, -5*r + u = 4*d. What are the prime factors of d?
2, 383
List the prime factors of 12*28/60 - 6 - (-57884)/10.
2, 1447
Suppose 47*s + 75963 = 51*s - 3*i, -5*s + 94959 = -2*i. What are the prime factors of s?
3, 13, 487
Let r = 21890 + 20054. What are the prime factors of r?
2, 7, 107
Let h be (-4)/(-12) + 21516/(-18). Let l = h + 2006. What are the prime factors of l?
811
Let g be (-3 - -150) + (-48)/(-12). Suppose -211 = -h + g. List the prime factors of h.
2, 181
Let n be 9/(33/(-15) + 2). Let y be (-338)/(-5) - 117/195. Let s = y + n. What are the prime factors of s?
2, 11
What are the prime factors of -3*(-2)/45 + 9 + 1621265/75?
2, 11, 983
Suppose -24 = -1548*r + 1545*r. What are the prime factors of (1 + 1165/10)*r/5?
2, 47
Suppose -3*u + 117 = -u + i, 5*u - 309 = 3*i. Suppose 6*h - u = -0*h. What are the prime factors of (-282)/(-7) + h/(-35)?
2, 5
Let x(u) = -u**3 - 9*u**2 + 4*u + 10. Let l = 23 + -16. Suppose -l*t + t = 66. List the prime factors of x(t).
2, 13
Let j(b) be the first derivative of 21*b**4/4 - 5*b**3/3 - 3*b**2/2 + 29*b + 177. What are the prime factors of j(4)?
3, 7, 61
Let h = 714 - 690. Let s = h - -623. What are the prime factors of s?
647
Suppose 2*m = 2*c - 2*m - 880, -c - 3*m + 440 = 0. Suppose -2*r = 14 - c. List the prime factors of r.
3, 71
Let d be 1/((-1)/(-453)) - 0/(-56). Let p = 804 - d. What are the prime factors of p?
3, 13
Let a(h) = 571*h - 589. What are the prime factors of a(3)?
2, 281
Let l(g) = -2*g**2 - 22*g + 22. Let v be l(11). Let p = 146 - v. List the prime factors of p.
2, 19
Let h(u) = -u**2 - 18*u - 6. Let n be h(-17). Suppose -195 = -3*g + 4*c, -13*g = -n*g - c - 135. List the prime factors of g.
3, 23
Let d(v) = -3283*v + 1254. List the prime factors of d(-4).
2, 7193
Let d(m) = -m**3 + 12*m**2 + 22. Let x be d(12). Suppose 1974 = x*s - 8*s. What are the prime factors of s?
3, 47
Suppose 40*q - 52*q + 1244340 = 48*q. List the prime factors of q.
3, 31, 223
Let u(t) = -t**3 - 6*t**2 + 3*t + 14. Let n be u(-6). What are the prime factors of (1/n - (-77)/(-28)) + 213?
2, 3, 5, 7
Let p = 8661 - -3420. List the prime factors of p.
3, 4027
Suppose -6*w + 3*i + 10461 = -4*w, 2*i + 26147 = 5*w. Suppose -7636 = -4*h - 4*u, 3*h + 5*u - w = 488. What are the prime factors of h?
2, 3, 11, 29
Let q = -921 - -2249. Let j = q - 934. List the prime factors of j.
2, 197
Let a(i) = 2*i**2 + 8*i + 4. Let v(f) = 15*f - 9. Let x(z) = -7*z + 4. Let j(b) = -4*v(b) - 10*x(b). Let p be j(1). What are the prime factors of a(p)?
2, 31
Suppose -30 - 40 = -7*o. Suppose 4*z = 3*g + o, -z - 7 + 1 = -5*g. Suppose 0*r - 5*r = -v + 147, 145 = v - z*r. List the prime factors of v.
137
Let f(k) = -50 - 3*k - 22*k - 12*k - 49 - 19. List the prime factors of f(-5).
67
Let m(g) = g + 4. Let h be m(-5). Let r(v) = v**2 + 37*v + 330. Let t be r(-20). What are the prime factors of 13 + t - (-84)/((-2)/h)?
3, 5
Let k = -1411 + 2406. Let l = k + -352. What are the prime factors of l?
643
Suppose 0 = -5*v - 2*y + 1400, 10*v = 12*v - 3*y - 579. Suppose -285*l = -v*l - 1146